{"id":5072,"date":"2025-10-29T21:01:08","date_gmt":"2025-10-29T20:01:08","guid":{"rendered":"https:\/\/cottonhill.dk\/jul\/?post_type=product&#038;p=5072"},"modified":"2025-10-29T21:02:12","modified_gmt":"2025-10-29T20:02:12","slug":"game-inventors-spilpakke-3-spil-reality-check-partners-ego-family","status":"publish","type":"product","link":"https:\/\/cottonhill.dk\/jul\/shop\/redhill-jul-2025\/game-inventors-spilpakke-3-spil-reality-check-partners-ego-family\/","title":{"rendered":"Game Inventors Spilpakke 3 Spil Reality Check, Partners+ &#038; EGO Family"},"content":{"rendered":"<div>Spilpakke 3: Reality Check, Partners+ &amp; EGO Family<br \/>\nReality Check<br \/>\nReality Check er et selskabsspil for dem, der t\u00f8r tage et \u00e6rligt og underholdende kig p\u00e5 sig selv og vennerne. Spillet stiller sk\u00e6ve og sjove sp\u00f8rgsm\u00e5l som: Hvem snakker mest uden at nogen lytter? eller Hvem har mest brug for en psykolog? \u2013 og m\u00e5ske endda Hvem har sidst tisset i bukserne? Deltagerne stemmer p\u00e5 hinanden, og nogle sp\u00f8rgsm\u00e5l udl\u00f8ser endda en lille, overraskende bel\u00f8nning i form af et elektrisk st\u00f8d! Det er et spil, man b\u00e5de griner og m\u00e6rker \u2013 bogstaveligt talt.<\/p>\n<p>Alder: Fra 15 \u00e5r<br \/>\nAntal spillere: 3-8<br \/>\nSpilletid: Ca. 45 minutter<\/p>\n<p>Partners+<br \/>\nPartners+ er et taktisk og underholdende spil fyldt med samarbejde og drilleri. Det er designet til pr\u00e6cis seks spillere og kan spilles som 3 par mod hinanden \u2013 eller i to hold med tre deltagere p\u00e5 hvert. M\u00e5let er at v\u00e6re det par eller hold, der f\u00f8rst f\u00e5r alle brikker sikkert i m\u00e5l. Det kr\u00e6ver \u00e6gte teamwork og evnen til at st\u00f8tte hinanden, for man vinder ikke kun p\u00e5 egne evner \u2013 samarbejde er n\u00f8glen til sejr i Partners+.<\/p>\n<p>Alder: Fra 8 \u00e5r<br \/>\nAntal spillere: 6<br \/>\nSpilletid: 45-60 minutter<\/p>\n<p>EGO Family<br \/>\nEGO Family er det perfekte familiespil til hyggelige stunder og gode grin. Spillet inviterer til samtaler og sjove dilemmaer, som man sj\u00e6ldent f\u00e5r stillet hinanden. Hvem i familien kunne v\u00e6re den bedste rapper? Hvor mange ville egentlig have en slange som k\u00e6ledyr? Og hvem kan vrinske bedst som en hest? Med tre typer sp\u00f8rgsm\u00e5l venter der b\u00e5de overraskelser, latter og masser af god familiehygge. Ikke underligt, at spillet er blevet k\u00e5ret til \u00c5rets Familiespil hele to gange!<\/p>\n<p>Alder: Fra 8 \u00e5r<br \/>\nAntal spillere: 2-4<br \/>\nSpilletid: Varierer<\/p><\/div>\n<p class=\"pt-4\">Vej. pris 900 kr.<\/p>\n","protected":false},"excerpt":{"rendered":"<p>Game Inventors Spilpakke 3 Spil Reality Check, Partners+ &amp; EGO Family<\/p>\n","protected":false},"featured_media":5029,"template":"","meta":[],"product_brand":[],"product_cat":[181],"product_tag":[],"class_list":{"0":"post-5072","1":"product","2":"type-product","3":"status-publish","4":"has-post-thumbnail","6":"product_cat-redhill-jul-2025","8":"first","9":"instock","10":"taxable","11":"shipping-taxable","12":"purchasable","13":"product-type-variable"},"_links":{"self":[{"href":"https:\/\/cottonhill.dk\/jul\/wp-json\/wp\/v2\/product\/5072","targetHints":{"allow":["GET"]}}],"collection":[{"href":"https:\/\/cottonhill.dk\/jul\/wp-json\/wp\/v2\/product"}],"about":[{"href":"https:\/\/cottonhill.dk\/jul\/wp-json\/wp\/v2\/types\/product"}],"wp:featuredmedia":[{"embeddable":true,"href":"https:\/\/cottonhill.dk\/jul\/wp-json\/wp\/v2\/media\/5029"}],"wp:attachment":[{"href":"https:\/\/cottonhill.dk\/jul\/wp-json\/wp\/v2\/media?parent=5072"}],"wp:term":[{"taxonomy":"product_brand","embeddable":true,"href":"https:\/\/cottonhill.dk\/jul\/wp-json\/wp\/v2\/product_brand?post=5072"},{"taxonomy":"product_cat","embeddable":true,"href":"https:\/\/cottonhill.dk\/jul\/wp-json\/wp\/v2\/product_cat?post=5072"},{"taxonomy":"product_tag","embeddable":true,"href":"https:\/\/cottonhill.dk\/jul\/wp-json\/wp\/v2\/product_tag?post=5072"}],"curies":[{"name":"wp","href":"https:\/\/api.w.org\/{rel}","templated":true}]}}