{"id":4714,"date":"2023-10-24T06:43:47","date_gmt":"2023-10-24T05:43:47","guid":{"rendered":"https:\/\/cottonhill.dk\/jul\/?post_type=product&#038;p=4714"},"modified":"2025-10-29T21:07:15","modified_gmt":"2025-10-29T20:07:15","slug":"nedis-smart-life-udendoerskamera","status":"publish","type":"product","link":"https:\/\/cottonhill.dk\/jul\/shop\/redhill-jul-2025\/nedis-smart-life-udendoerskamera\/","title":{"rendered":"Nedis Smart Life udend\u00f8rskamera"},"content":{"rendered":"<div>Nedis Smart Life udend\u00f8rskamera er et advanceret WIFI-kamera der kombinereres h\u00f8j opl\u00f8sning og brugervenlighed. Med en 3MP HD 1296p-opl\u00f8sning fanger kameraet pr\u00e6cise detaljer, hvilket g\u00f8r det muligt at identificere personer og objekter med stor n\u00f8jagtighed. Kameraets nattesyn i fuld farve sikrer, at du ogs\u00e5 f\u00e5r klare billeder selv i lav belysning.<\/p>\n<p>Kameraet er designet til fleksibel overv\u00e5gning, da du kan dreje det eksternt fra din telefon. Det kan ogs\u00e5 indstilles til automatisk at f\u00f8lge enhver bev\u00e6gelse, hvilket minimerer risikoen for ubem\u00e6rket aktivitet. Bev\u00e6gelsesdetektering er optimeret til at minimere falske alarmer ved kun at registrere mennesker, og du modtager \u00f8jeblikkelige push-meddelelser, n\u00e5r der registreres bev\u00e6gelse eller lyd.<\/p>\n<p>Med en synsvinkel p\u00e5 104\u00b0 d\u00e6kker kameraet et stort omr\u00e5de og er velegnet til overv\u00e5gning af indgange, parkeringspladser og andre udend\u00f8rs virksomhedsomr\u00e5der. Det er IP65-klassificeret, hvilket betyder, at det er vandt\u00e6t og egnet til udend\u00f8rs brug i al slags vejr. Tovejskommunikation g\u00f8r det muligt at h\u00f8re og tale med personer i kameraets omr\u00e5de.<\/p>\n<p>Nedis Smart Life udend\u00f8rskamera tilbyder lagerplads til videooptagelser via et microSD-kort (op til 256 GB) medf\u00f8lger ikke, og det underst\u00f8tter flerbrugerfunktion. Kameraet er ogs\u00e5 kompatibelt med Amazon Alexa og Google Assistant for nem integration i eksisterende smarthome-systemer.<\/p><\/div>\n<p class=\"pt-4\">Vej. pris 899 kr.<\/p>\n","protected":false},"excerpt":{"rendered":"<p>Nedis Smart Life udend\u00f8rskamera<\/p>\n","protected":false},"featured_media":5028,"template":"","meta":[],"product_brand":[],"product_cat":[181],"product_tag":[],"class_list":{"0":"post-4714","1":"product","2":"type-product","3":"status-publish","4":"has-post-thumbnail","6":"product_cat-redhill-jul-2025","8":"first","9":"instock","10":"taxable","11":"shipping-taxable","12":"purchasable","13":"product-type-variable"},"_links":{"self":[{"href":"https:\/\/cottonhill.dk\/jul\/wp-json\/wp\/v2\/product\/4714","targetHints":{"allow":["GET"]}}],"collection":[{"href":"https:\/\/cottonhill.dk\/jul\/wp-json\/wp\/v2\/product"}],"about":[{"href":"https:\/\/cottonhill.dk\/jul\/wp-json\/wp\/v2\/types\/product"}],"wp:featuredmedia":[{"embeddable":true,"href":"https:\/\/cottonhill.dk\/jul\/wp-json\/wp\/v2\/media\/5028"}],"wp:attachment":[{"href":"https:\/\/cottonhill.dk\/jul\/wp-json\/wp\/v2\/media?parent=4714"}],"wp:term":[{"taxonomy":"product_brand","embeddable":true,"href":"https:\/\/cottonhill.dk\/jul\/wp-json\/wp\/v2\/product_brand?post=4714"},{"taxonomy":"product_cat","embeddable":true,"href":"https:\/\/cottonhill.dk\/jul\/wp-json\/wp\/v2\/product_cat?post=4714"},{"taxonomy":"product_tag","embeddable":true,"href":"https:\/\/cottonhill.dk\/jul\/wp-json\/wp\/v2\/product_tag?post=4714"}],"curies":[{"name":"wp","href":"https:\/\/api.w.org\/{rel}","templated":true}]}}