{"id":4695,"date":"2023-10-24T06:43:42","date_gmt":"2023-10-24T05:43:42","guid":{"rendered":"https:\/\/cottonhill.dk\/jul\/?post_type=product&#038;p=4695"},"modified":"2025-10-30T15:27:52","modified_gmt":"2025-10-30T14:27:52","slug":"sekan-haandklaedepakke-8-stk","status":"publish","type":"product","link":"https:\/\/cottonhill.dk\/jul\/shop\/redhill-jul-2025\/sekan-haandklaedepakke-8-stk\/","title":{"rendered":"Sekan H\u00e5ndkl\u00e6depakke 8 stk"},"content":{"rendered":"<div>\n<p>Sekan h\u00e5ndkl\u00e6depakke med 8 stk. h\u00e5ndkl\u00e6der i farven m\u00f8rkegr\u00e5. Denne pakke indeholder 4 stk. 50 x 100 cm og 4 stk. 70 x 140 cm.<\/p>\n<p>Nyd en unik f\u00f8lelse komfort med vores eksklusive \u00f8kologiske h\u00e5ndkl\u00e6der i frott\u00e9, fremstillet med omhu og ekspertise i Portugal. Dyk ned i ren velv\u00e6re med h\u00e5ndkl\u00e6der, der ikke kun omfavner din hud i bl\u00f8dhed, men ogs\u00e5 samtidig respekterer vores planet.<\/p>\n<p>Hvert h\u00e5ndkl\u00e6de er en sand perle af kvalitet, hvor hver fiber er n\u00f8je udvalgt for at levere den perfekte kombination af stil og ansvarlig produktion. Optimer din daglige velv\u00e6re med h\u00e5ndkl\u00e6der, der ikke kun omfavner din hud, men ogs\u00e5 vores planet.<\/p>\n<p>Sekan har forpligtet sig til at donere mindst 1% af sin \u00e5rlige oms\u00e6tning til milj\u00f8beskyttelse gennem 1% for the Planet.<\/p>\n<\/div>\n<p class=\"pt-4\">Vej. pris 2280 kr.<\/p>\n","protected":false},"excerpt":{"rendered":"<p>Sekan H\u00e5ndkl\u00e6depakke 8 stk<\/p>\n","protected":false},"featured_media":5025,"template":"","meta":[],"product_brand":[],"product_cat":[181],"product_tag":[],"class_list":{"0":"post-4695","1":"product","2":"type-product","3":"status-publish","4":"has-post-thumbnail","6":"product_cat-redhill-jul-2025","8":"first","9":"instock","10":"taxable","11":"shipping-taxable","12":"purchasable","13":"product-type-variable"},"_links":{"self":[{"href":"https:\/\/cottonhill.dk\/jul\/wp-json\/wp\/v2\/product\/4695","targetHints":{"allow":["GET"]}}],"collection":[{"href":"https:\/\/cottonhill.dk\/jul\/wp-json\/wp\/v2\/product"}],"about":[{"href":"https:\/\/cottonhill.dk\/jul\/wp-json\/wp\/v2\/types\/product"}],"wp:featuredmedia":[{"embeddable":true,"href":"https:\/\/cottonhill.dk\/jul\/wp-json\/wp\/v2\/media\/5025"}],"wp:attachment":[{"href":"https:\/\/cottonhill.dk\/jul\/wp-json\/wp\/v2\/media?parent=4695"}],"wp:term":[{"taxonomy":"product_brand","embeddable":true,"href":"https:\/\/cottonhill.dk\/jul\/wp-json\/wp\/v2\/product_brand?post=4695"},{"taxonomy":"product_cat","embeddable":true,"href":"https:\/\/cottonhill.dk\/jul\/wp-json\/wp\/v2\/product_cat?post=4695"},{"taxonomy":"product_tag","embeddable":true,"href":"https:\/\/cottonhill.dk\/jul\/wp-json\/wp\/v2\/product_tag?post=4695"}],"curies":[{"name":"wp","href":"https:\/\/api.w.org\/{rel}","templated":true}]}}