{"id":11949,"date":"2024-04-16T08:59:11","date_gmt":"2024-04-16T07:59:11","guid":{"rendered":"https:\/\/cottonhill.dk\/hfe\/?post_type=product&#038;p=11949"},"modified":"2024-04-16T09:07:00","modified_gmt":"2024-04-16T08:07:00","slug":"cutter-buck-mount-adams-jakke-herre-2","status":"publish","type":"product","link":"https:\/\/cottonhill.dk\/hfe\/shop\/spiller-toej\/cutter-buck-mount-adams-jakke-herre-2\/","title":{"rendered":"Cutter &#038; Buck Mount Adams Jakke &#8211; Herre"},"content":{"rendered":"<p>Vores ikoniske Mount Adams Jacket er perfekt til b\u00e5de by- og naturomgivelser og er fyldt med Gold Insulation Luxe&#x2122; fra Primaloft\u00ae, der er 100% recycled materiale. Det best\u00e5r af sm\u00e5, silkebl\u00f8de plumer af syntetiske fibre, der efterligner den lette varme og bl\u00f8dhed fra naturlig g\u00e5sedun. Denne jakke er let, men leverer varme og holder sin fylde, selv n\u00e5r den er v\u00e5d. H\u00e6tten er nem at tage af, og jakken er udstyret med to forlommer og en ekstra brystlomme.<\/p>\n<p>Materiale: Stof: 100% recycled nylon. For: 100% recycled nylon.<\/p>\n","protected":false},"excerpt":{"rendered":"<p>Isoleret jakke<\/p>\n","protected":false},"featured_media":11952,"template":"","meta":{"_acf_changed":false},"product_brand":[],"product_cat":[281],"product_tag":[],"class_list":{"0":"post-11949","1":"product","2":"type-product","3":"status-publish","4":"has-post-thumbnail","6":"product_cat-spiller-toej","8":"first","9":"instock","10":"taxable","11":"shipping-taxable","12":"purchasable","13":"product-type-variable"},"acf":[],"_links":{"self":[{"href":"https:\/\/cottonhill.dk\/hfe\/wp-json\/wp\/v2\/product\/11949","targetHints":{"allow":["GET"]}}],"collection":[{"href":"https:\/\/cottonhill.dk\/hfe\/wp-json\/wp\/v2\/product"}],"about":[{"href":"https:\/\/cottonhill.dk\/hfe\/wp-json\/wp\/v2\/types\/product"}],"wp:featuredmedia":[{"embeddable":true,"href":"https:\/\/cottonhill.dk\/hfe\/wp-json\/wp\/v2\/media\/11952"}],"wp:attachment":[{"href":"https:\/\/cottonhill.dk\/hfe\/wp-json\/wp\/v2\/media?parent=11949"}],"wp:term":[{"taxonomy":"product_brand","embeddable":true,"href":"https:\/\/cottonhill.dk\/hfe\/wp-json\/wp\/v2\/product_brand?post=11949"},{"taxonomy":"product_cat","embeddable":true,"href":"https:\/\/cottonhill.dk\/hfe\/wp-json\/wp\/v2\/product_cat?post=11949"},{"taxonomy":"product_tag","embeddable":true,"href":"https:\/\/cottonhill.dk\/hfe\/wp-json\/wp\/v2\/product_tag?post=11949"}],"curies":[{"name":"wp","href":"https:\/\/api.w.org\/{rel}","templated":true}]}}