{"id":12005,"date":"2025-11-28T08:27:41","date_gmt":"2025-11-28T07:27:41","guid":{"rendered":"https:\/\/cottonhill.dk\/gymhelsinge\/?post_type=product&#038;p=12005"},"modified":"2026-03-13T21:33:43","modified_gmt":"2026-03-13T20:33:43","slug":"gymhelsinge-support-t-shirt","status":"publish","type":"product","link":"https:\/\/cottonhill.dk\/gymhelsinge\/shop\/admin\/supporter-admin\/gymhelsinge-support-t-shirt\/","title":{"rendered":"GymHelsinge Support T-shirt"},"content":{"rendered":"<p>T-shirten har GymHelsinges hvide logo p\u00e5 venstre bryst og SUPPORT trykt p\u00e5 ryg<\/p>\n<p>Klassisk T-shirt med rund hals, fire-lags halsrib og nakke- og skulderb\u00e5nd. Holder faconen vask efter vask.<br \/>\n100% bomuld<br \/>\n160 g\/m\u00b2<br \/>\nRegular pasform &#8211; Unisex st\u00f8rrelse<\/p>\n","protected":false},"excerpt":{"rendered":"<p>T-shirten har GymHelsinges hvide logo p\u00e5 venstre bryst og SUPPORT trykt p\u00e5 ryg Klassisk T-shirt med rund hals, fire-lags halsrib og nakke- og skulderb\u00e5nd. Holder faconen vask efter vask. 100% bomuld 160 g\/m\u00b2 Regular pasform &#8211; Unisex st\u00f8rrelse<\/p>\n","protected":false},"featured_media":12145,"template":"","meta":{"_acf_changed":false},"product_brand":[],"product_cat":[284,279,288,283],"product_tag":[],"class_list":{"0":"post-12005","1":"product","2":"type-product","3":"status-publish","4":"has-post-thumbnail","6":"product_cat-admin","7":"product_cat-kollektion","8":"product_cat-supporter-admin","9":"product_cat-supporter","11":"first","12":"instock","13":"taxable","14":"shipping-taxable","15":"purchasable","16":"product-type-variable"},"exclude_global_add_ons":[],"addons":[],"acf":[],"_links":{"self":[{"href":"https:\/\/cottonhill.dk\/gymhelsinge\/wp-json\/wp\/v2\/product\/12005","targetHints":{"allow":["GET"]}}],"collection":[{"href":"https:\/\/cottonhill.dk\/gymhelsinge\/wp-json\/wp\/v2\/product"}],"about":[{"href":"https:\/\/cottonhill.dk\/gymhelsinge\/wp-json\/wp\/v2\/types\/product"}],"wp:featuredmedia":[{"embeddable":true,"href":"https:\/\/cottonhill.dk\/gymhelsinge\/wp-json\/wp\/v2\/media\/12145"}],"wp:attachment":[{"href":"https:\/\/cottonhill.dk\/gymhelsinge\/wp-json\/wp\/v2\/media?parent=12005"}],"wp:term":[{"taxonomy":"product_brand","embeddable":true,"href":"https:\/\/cottonhill.dk\/gymhelsinge\/wp-json\/wp\/v2\/product_brand?post=12005"},{"taxonomy":"product_cat","embeddable":true,"href":"https:\/\/cottonhill.dk\/gymhelsinge\/wp-json\/wp\/v2\/product_cat?post=12005"},{"taxonomy":"product_tag","embeddable":true,"href":"https:\/\/cottonhill.dk\/gymhelsinge\/wp-json\/wp\/v2\/product_tag?post=12005"}],"curies":[{"name":"wp","href":"https:\/\/api.w.org\/{rel}","templated":true}]}}